1117
List the prime factors of 816903.
3, 139, 653
List the prime factors of 11290435.
5, 13, 173699
What are the prime factors of 1155?
3, 5, 7, 11
What are the prime factors of 4888333?
17, 287549
What are the prime factors of 18848492?
2, 13, 29, 431
List the prime factors of 508890.
2, 3, 5, 16963
List the prime factors of 134351.
7, 17, 1129
List the prime factors of 32977007.
7, 4711001
What are the prime factors of 232125?
3, 5, 619
What are the prime factors of 15145997?
17, 890941
What are the prime factors of 4292446?
2, 31, 69233
List the prime factors of 1451016.
2, 3, 7, 2879
List the prime factors of 21811662.
2, 3, 31, 39089
List the prime factors of 392114.
2, 59, 3323
What are the prime factors of 1600509?
3, 37, 14419
List the prime factors of 20821814.
2, 13, 61603
List the prime factors of 417007.
417007
What are the prime factors of 3863565?
3, 5, 28619
List the prime factors of 4364725.
5, 71, 2459
List the prime factors of 494354.
2, 7, 35311
What are the prime factors of 4532144?
2, 59, 4801
What are the prime factors of 6939675?
3, 5, 23, 149
List the prime factors of 278572.
2, 7, 9949
List the prime factors of 575318.
2, 307, 937
List the prime factors of 6787.
11, 617
List the prime factors of 216585.
3, 5, 4813
List the prime factors of 3354406.
2, 11, 17, 8969
What are the prime factors of 19197253?
19197253
List the prime factors of 2320251.
3, 773417
What are the prime factors of 11981383?
139, 86197
List the prime factors of 255121.
255121
List the prime factors of 9657005.
5, 593, 3257
List the prime factors of 509015.
5, 13, 41, 191
What are the prime factors of 727870?
2, 5, 11, 13, 509
List the prime factors of 1275942.
2, 3, 29, 7333
List the prime factors of 22215250.
2, 5, 88861
What are the prime factors of 2076898?
2, 1038449
List the prime factors of 5945127.
3, 179, 11071
What are the prime factors of 1255084?
2, 43, 7297
List the prime factors of 12666903.
3, 197, 21433
What are the prime factors of 15813576?
2, 3, 179, 409
What are the prime factors of 2426832?
2, 3, 19, 887
List the prime factors of 723092.
2, 180773
What are the prime factors of 245443?
11, 53, 421
What are the prime factors of 31990176?
2, 3, 277, 401
What are the prime factors of 44646?
2, 3, 7, 1063
List the prime factors of 11089600.
2, 5, 29, 239
What are the prime factors of 52029?
3, 41, 47
What are the prime factors of 5257769?
11, 431, 1109
What are the prime factors of 10661644?
2, 7, 31, 71, 173
What are the prime factors of 31780?
2, 5, 7, 227
List the prime factors of 12469537.
193, 64609
List the prime factors of 361690.
2, 5, 7, 5167
What are the prime factors of 2999750?
2, 5, 13, 71
What are the prime factors of 999386?
2, 499693
What are the prime factors of 19206696?
2, 3, 41, 131, 149
What are the prime factors of 2832512?
2, 22129
What are the prime factors of 7871595?
3, 5, 17, 30869
What are the prime factors of 91062?
2, 3, 5059
What are the prime factors of 8983402?
2, 4491701
List the prime factors of 347990.
2, 5, 17, 23, 89
What are the prime factors of 879443?
853, 1031
What are the prime factors of 6414183?
3, 712687
List the prime factors of 1366123.
11, 124193
What are the prime factors of 570414?
2, 3, 13, 71, 103
What are the prime factors of 1532484?
2, 3, 42569
What are the prime factors of 51861?
3, 59, 293
List the prime factors of 826249.
641, 1289
What are the prime factors of 14278267?
14278267
List the prime factors of 852764.
2, 11, 19381
What are the prime factors of 352205?
5, 7, 29, 347
List the prime factors of 846491.
179, 4729
List the prime factors of 7850304.
2, 3, 7, 11, 59
What are the prime factors of 2041301?
349, 5849
What are the prime factors of 4913364?
2, 3, 331, 1237
What are the prime factors of 2703548?
2, 19, 35573
What are the prime factors of 195365?
5, 41, 953
List the prime factors of 95805.
3, 5, 2129
List the prime factors of 15912970.
2, 5, 79, 20143
What are the prime factors of 6631263?
3, 173, 4259
What are the prime factors of 76023?
3, 8447
What are the prime factors of 536612?
2, 134153
What are the prime factors of 331166?
2, 11, 15053
List the prime factors of 5484931.
17, 18979
List the prime factors of 718674.
2, 3, 11, 10889
List the prime factors of 513895.
5, 79, 1301
List the prime factors of 922218.
2, 3, 11, 89, 157
What are the prime factors of 4282244?
2, 1070561
List the prime factors of 3074695.
5, 13, 47303
List the prime factors of 7252621.
2593, 2797
What are the prime factors of 2173238?
2, 1086619
What are the prime factors of 12416806?
2, 6208403
List the prime factors of 649973.
41, 83, 191
List the prime factors of 11783786.
2, 7, 401, 2099
List the prime factors of 441318.
2, 3, 73553
List the prime factors of 30020881.
11, 619, 4409
List the prime factors of 2269829.
2269829
List the prime factors of 276945.
3, 5, 37, 499
What are the prime factors of 110883?
3, 23, 1607
What are the prime factors of 11835?
3, 5, 263
List the prime factors of 3701274.
2, 3, 17, 131, 277
List the prime factors of 2307077.
59, 39103
List the prime factors of 1275087.
3, 11, 38639
List the prime factors of 3580037.
19, 47, 211
What are the prime factors of 21766?
2, 10883
What are the prime factors of 692297?
692297
List the prime factors of 477446.
2, 238723
What are the prime factors of 10391564?
2, 1297, 2003
List the prime factors of 15156427.
11, 13, 31, 263
List the prime factors of 5488913.
37, 109, 1361
What are the prime factors of 401856?
2, 3, 7, 13, 23
What are the prime factors of 277007?
277007
What are the prime factors of 1434170?
2, 5, 173, 829
List the prime factors of 1158849.
3, 128761
What are the prime factors of 11915?
5, 2383
What are the prime factors of 591436?
2, 147859
What are the prime factors of 1155959?
7, 31, 761
What are the prime factors of 356484?
2, 3, 61, 487
What are the prime factors of 19270520?
2, 5, 17, 1667
What are the prime factors of 42847?
7, 6121
List the prime factors of 12685965.
3, 5, 109, 7759
List the prime factors of 12557162.
2, 6278581
List the prime factors of 4563418.
2, 43, 47, 1129
What are the prime factors of 100356?
2, 3, 8363
What are the prime factors of 137057?
23, 59, 101
List the prime factors of 218066.
2, 107, 1019
List the prime factors of 6803433.
3, 7, 13, 71
List the prime factors of 2863135.
5, 11, 52057
What are the prime factors of 1286164?
2, 11, 29231
What are the prime factors of 9496167?
3, 3165389
List the prime factors of 1334283.
3, 47, 9463
What are the prime factors of 11622278?
2, 127, 45757
List the prime factors of 8000219.
8000219
List the prime factors of 81973.
81973
What are the prime factors of 3697060?
2, 5, 31, 67, 89
List the prime factors of 527480.
2, 5, 13187
What are the prime factors of 381241?
7, 107, 509
What are the prime factors of 1645173?
3, 53, 3449
What are the prime factors of 20984?
2, 43, 61
What are the prime factors of 1172289?
3, 390763
List the prime factors of 2823861.
3, 397, 2371
List the prime factors of 28604.
2, 7151
List the prime factors of 7219543.
17, 424679
What are the prime factors of 2785966?
2, 1392983
List the prime factors of 97605.
3, 5, 241
What are the prime factors of 168834?
2, 3, 19, 1481
What are the prime factors of 6476306?
2, 3238153
What are the prime factors of 2395196?
2, 598799
List the prime factors of 117635.
5, 7, 3361
List the prime factors of 441595.
5, 7, 11, 31, 37
What are the prime factors of 5057257?
919, 5503
List the prime factors of 493135.
5, 98627
What are the prime factors of 1146981?
3, 11, 34757
List the prime factors of 828494.
2, 379, 1093
List the prime factors of 12833771.
12833771
List the prime factors of 106951.
13, 19, 433
List the prime factors of 284005.
5, 79, 719
What are the prime factors of 144268?
2, 36067
List the prime factors of 355240.
2, 5, 83, 107
What are the prime factors of 336895?
5, 13, 71, 73
What are the prime factors of 24625240?
2, 5, 43, 103, 139
What are the prime factors of 1687089?
3, 37, 15199
What are the prime factors of 63408?
2, 3, 1321
List the prime factors of 11162530.
2, 5, 37, 30169
List the prime factors of 86116.
2, 21529
List the prime factors of 709547.
709547
What are the prime factors of 13358206?
2, 6679103
What are the prime facto